{"id":46262,"date":"2018-07-29T15:44:32","date_gmt":"2018-07-29T13:44:32","guid":{"rendered":"http:\/\/www.zpravy.pivovary.info\/?page_id=46262"},"modified":"2025-10-22T14:09:29","modified_gmt":"2025-10-22T12:09:29","slug":"fotoalbum-pivovaru-2-5-2","status":"publish","type":"page","link":"https:\/\/www.pivovary.info\/?page_id=46262","title":{"rendered":"B fotoalbum pivovar\u016f"},"content":{"rendered":"<p><a href=\"https:\/\/www.pivovary.info\/?page_id=131152\">Bakov minipivovar<\/a><br \/>\n<a href=\"https:\/\/www.pivovary.info\/?page_id=47505\">Batelov Pansk\u00fd pivovar<\/a><br \/>\n<a href=\"https:\/\/www.pivovary.info\/?page_id=41977\">Bechyn\u011b minipivovar Keras<\/a><br \/>\n<a href=\"https:\/\/www.pivovary.info\/?page_id=79262\">Bechyn\u011b M\u011bstsk\u00fd pivovar<\/a><br \/>\n<a href=\"https:\/\/www.pivovary.info\/?page_id=47735\">Bechyn\u011b Z\u00e1meck\u00fd pivovar<\/a><br \/>\n<a href=\"https:\/\/www.pivovary.info\/?page_id=47512\">Be\u010dov nad Teplou Obecn\u00ed pivovar<\/a><br \/>\n<a href=\"https:\/\/www.pivovary.info\/?page_id=79115\">Be\u010dov nad Teplou Z\u00e1meck\u00fd pivovar<\/a><br \/>\n<a href=\"https:\/\/www.pivovary.info\/?page_id=47525\">Be\u010dv\u00e1ry Z\u00e1meck\u00fd pivovar<\/a><br \/>\n<a href=\"https:\/\/www.pivovary.info\/?page_id=66777\">B\u011bl\u00e1 nad Radbuzou pivovar<\/a><br \/>\n<a href=\"https:\/\/www.pivovary.info\/?page_id=52455\">B\u011bl\u00e1 u Jev\u00ed\u010dka pivovar<\/a><br \/>\n<a href=\"https:\/\/www.pivovary.info\/?page_id=25864\">B\u011ble\u010d nad Orlic\u00ed minipivovar<\/a><br \/>\n<a href=\"https:\/\/www.pivovary.info\/?page_id=50446\">Ben\u00e1tky nad Jizerou pivovar<\/a><br \/>\n<a href=\"https:\/\/www.pivovary.info\/?page_id=50805\">Bene\u0161ov pivovar Ferdinand<\/a><br \/>\n<a href=\"https:\/\/www.pivovary.info\/?page_id=67812\">Bene\u0161ov nad \u010cernou fotoalbum pivovaru<\/a><br \/>\n<a href=\"https:\/\/www.pivovary.info\/?page_id=47974\">Bene\u0161ov nad Plou\u010dnic\u00ed M\u011b\u0161\u0165ansk\u00fd pivovar<\/a><br \/>\n<a href=\"https:\/\/www.pivovary.info\/?page_id=126539\">Be\u0148ovy u Klatov pivovaru<\/a><br \/>\n<a href=\"https:\/\/www.pivovary.info\/?page_id=9086\">Bernartice minipivovar Berko<\/a><br \/>\n<a href=\"https:\/\/www.pivovary.info\/?page_id=36176\">Beroun minipivovar Berounsk\u00fd medv\u011bd<\/a><br \/>\n<a href=\"https:\/\/www.pivovary.info\/?page_id=64621\">Beroun pivovar<\/a><br \/>\n<a href=\"https:\/\/www.pivovary.info\/?page_id=25823\">Bezd\u011bkov minipivovar<\/a><br \/>\n<a href=\"https:\/\/www.pivovary.info\/?page_id=80523\">Bezd\u011bkov pivovar<\/a><br \/>\n<a href=\"https:\/\/www.pivovary.info\/?page_id=52413\">B\u00edlina pivovar<\/a><br \/>\n<a href=\"https:\/\/www.pivovary.info\/?page_id=46278\">B\u00edlovec M\u011b\u0161\u0165ansk\u00fd pivovar<\/a><br \/>\n<a href=\"https:\/\/www.pivovary.info\/?page_id=4103\">B\u00edlovec minipivovar Zobak<\/a><br \/>\n<a href=\"https:\/\/www.pivovary.info\/?page_id=71565\">Biskoupky u Rokycan pivovar<\/a><br \/>\n<a href=\"https:\/\/www.pivovary.info\/?page_id=25983\">Biskupice minipivovar Gajdo\u0161<\/a><br \/>\n<a href=\"https:\/\/www.pivovary.info\/?page_id=66584\">Biskupice pivovar<\/a><br \/>\n<a href=\"https:\/\/www.pivovary.info\/?page_id=25747\">B\u00edtov Hasi\u010dsk\u00fd minipivovar<\/a><br \/>\n<a href=\"https:\/\/www.pivovary.info\/?page_id=123889\">Blansko minipivovar Lhoteck\u00fd ml\u00fdn<\/a><br \/>\n<a href=\"https:\/\/www.pivovary.info\/?page_id=71589\">Blatn\u00e1 M\u011b\u0161\u0165ansk\u00fd pivovar <\/a><br \/>\n<a href=\"https:\/\/www.pivovary.info\/?page_id=71596\">Blatn\u00e1 Z\u00e1meck\u00fd pivovar<\/a><br \/>\n<a href=\"https:\/\/www.pivovary.info\/?page_id=14728\">Blatn\u00e1 Z\u00e1meck\u00fd minipivovar<\/a><br \/>\n<a href=\"https:\/\/www.pivovary.info\/?page_id=71573\">Bla\u017eovice u Brna pivovar<\/a><br \/>\n<a href=\"https:\/\/www.pivovary.info\/?page_id=52807\">Blovice pivovar<\/a><br \/>\n<a href=\"https:\/\/www.pivovary.info\/?page_id=52780\">Blovice-Hradi\u0161t\u011b pivovar<\/a><br \/>\n<a href=\"https:\/\/www.pivovary.info\/?page_id=58770\">Blu\u010dina minipivovar Xaver<\/a><br \/>\n<a href=\"https:\/\/www.pivovary.info\/?page_id=71917\">Blu\u010dina pivovar<\/a><br \/>\n<a href=\"https:\/\/www.pivovary.info\/?page_id=26021\">Bohdalice minipivovar Manner<\/a><br \/>\n<a href=\"https:\/\/www.pivovary.info\/?page_id=72822\">Bohdalice u Vy\u0161kova pivovar<\/a><br \/>\n<a href=\"https:\/\/www.pivovary.info\/?page_id=125960\">Bohdane\u010d minipivovar<\/a><br \/>\n<a href=\"https:\/\/www.pivovary.info\/?page_id=131045\">Bohosudov pivovar<\/a><br \/>\n<a href=\"https:\/\/www.pivovary.info\/?page_id=26010\">Bohum\u00edn minipivovar Sk\u0159e\u010do\u0148sk\u00fd \u017eab\u00e1k<\/a><br \/>\n<a href=\"https:\/\/www.pivovary.info\/?page_id=48659\">Bohu\u0161ovice nad Oh\u0159\u00ed Severo\u010desk\u00fd akciov\u00fd pivovar<\/a><br \/>\n<a href=\"https:\/\/www.pivovary.info\/?page_id=63021\">Bolechovice Pansk\u00fd pivovar<\/a><br \/>\n<a href=\"https:\/\/www.pivovary.info\/?page_id=52000\">Borohr\u00e1dek pivovar<\/a><br \/>\n<a href=\"https:\/\/www.pivovary.info\/?page_id=48683\">Borot\u00edn Pansk\u00fd pivovar<\/a><br \/>\n<a href=\"https:\/\/www.pivovary.info\/?page_id=72808\">Boskovice minipivovar Boskovar<\/a><br \/>\n<a href=\"https:\/\/www.pivovary.info\/?page_id=47886\">Boskovice Pansk\u00fd pivovar<\/a><br \/>\n<a href=\"https:\/\/www.pivovary.info\/?page_id=71219\">Boskovice M\u011b\u0161\u0165ansk\u00fd pivovar <\/a><br \/>\n<a href=\"https:\/\/www.pivovary.info\/?page_id=69378\">Bouzov pivovar<\/a><br \/>\n<a href=\"https:\/\/www.pivovary.info\/?page_id=84869\">Bo\u017e\u00ed Dar minipivovar \u010cerven\u00fd vlk<\/a><br \/>\n<a href=\"https:\/\/www.pivovary.info\/?page_id=86377\">Bo\u017e\u00ed Dar-R\u00fd\u017eovna pivovar<\/a><br \/>\n<a href=\"https:\/\/www.pivovary.info\/?page_id=63831\">Brandl\u00edn minipivovar<\/a><br \/>\n<a href=\"https:\/\/www.pivovary.info\/?page_id=81937\">Brand\u00fds nad Labem Spole\u010densk\u00fd pivovar <\/a><br \/>\n<a href=\"https:\/\/www.pivovary.info\/?page_id=59085\">Brand\u00fds nad Labem minipivovar \u010cestm\u00edr<\/a><br \/>\n<a href=\"https:\/\/www.pivovary.info\/?page_id=66506\">Brand\u00fds nad Labem Z\u00e1meck\u00fd pivovar <\/a><br \/>\n<a href=\"https:\/\/www.pivovary.info\/?page_id=32916\">Brann\u00e1 minipivovar Kol\u0161tejn<\/a><br \/>\n<a href=\"https:\/\/www.pivovary.info\/?page_id=81467\">Brann\u00e1 Z\u00e1meck\u00fd pivovar <\/a><br \/>\n<a href=\"https:\/\/www.pivovary.info\/?page_id=31158\">Brat\u010dice Z\u00e1meck\u00fd minipivovar<\/a><br \/>\n<a href=\"https:\/\/www.pivovary.info\/?page_id=32719\">B\u0159eclav minipivovar Frankies<\/a><br \/>\n<a href=\"https:\/\/www.pivovary.info\/?page_id=72789\">B\u0159eclav pivovar<\/a><br \/>\n<a href=\"https:\/\/www.pivovary.info\/?page_id=23197\">B\u0159eclav Z\u00e1meck\u00fd minipivovar<\/a><br \/>\n<a href=\"https:\/\/www.pivovary.info\/?page_id=58262\">B\u0159ez\u00ed minipivovar B\u0159ez\u00e1ck\u00fd sup<\/a><br \/>\n<a href=\"https:\/\/www.pivovary.info\/?page_id=46336\">B\u0159eznice pivovar<\/a><br \/>\n<a href=\"https:\/\/www.pivovary.info\/?page_id=81945\">B\u0159eznice M\u011bstsk\u00fd pivovar <\/a><br \/>\n<a href=\"https:\/\/www.pivovary.info\/?page_id=51751\">B\u0159ezov\u00e1 nad Svitavou pivovar<\/a><br \/>\n<a href=\"https:\/\/www.pivovary.info\/?page_id=68670\">B\u0159ezov\u00e1 u Prahy minipivovar Vlastenec<\/a><br \/>\n<a href=\"https:\/\/www.pivovary.info\/?page_id=53874\">B\u0159idli\u010dn\u00e1 pivovar<\/a><br \/>\n<a href=\"https:\/\/www.pivovary.info\/?page_id=27949\">Br\u0148any minipivovar Knajzl<\/a><br \/>\n<a href=\"https:\/\/www.pivovary.info\/?page_id=51093\">Brn\u011bnsk\u00e9 Ivanovice pivovar<\/a><br \/>\n<a href=\"https:\/\/www.pivovary.info\/?page_id=52650\">Brno Brauner\u016fv pivovar<\/a><br \/>\n<a href=\"https:\/\/www.pivovary.info\/?page_id=23504\">Brno L\u00ed\u0161e\u0148sk\u00fd minipivovar<\/a><br \/>\n<a href=\"https:\/\/www.pivovary.info\/?page_id=72798\">Brno M\u011bstsk\u00fd pivovar<\/a><br \/>\n<a href=\"https:\/\/www.pivovary.info\/?page_id=33137\">Brno minipivovar Charlie\u2019s square<\/a><br \/>\n<a href=\"https:\/\/www.pivovary.info\/?page_id=93421\">Brno minipivovar EFI<\/a><br \/>\n<a href=\"https:\/\/www.pivovary.info\/?page_id=119281\">Brno minipivovar Fagan<\/a><br \/>\n<a href=\"https:\/\/www.pivovary.info\/?page_id=175428\">Brno minipivovar F\u00e9nix<\/a><br \/>\n<a href=\"https:\/\/www.pivovary.info\/?page_id=112283\">Brno minipivovar Harry<\/a><br \/>\n<a href=\"https:\/\/www.pivovary.info\/?page_id=26068\">Brno minipivovar Hauskrecht<\/a><br \/>\n<a href=\"https:\/\/www.pivovary.info\/?page_id=23426\">Brno minipivovar JBM<\/a><br \/>\n<a href=\"https:\/\/www.pivovary.info\/?page_id=13345\">Brno minipivovar Kos<\/a><br \/>\n<a href=\"https:\/\/www.pivovary.info\/?page_id=40153\">Brno minipivovar Magistr<\/a><br \/>\n<a href=\"https:\/\/www.pivovary.info\/?page_id=32076\">Brno minipivovar Moravia<\/a><br \/>\n<a href=\"https:\/\/www.pivovary.info\/?page_id=22645\">Brno minipivovar Pegas<\/a><br \/>\n<a href=\"https:\/\/www.pivovary.info\/?page_id=127832\">Brno minipivovar Poup\u011b<\/a><br \/>\n<a href=\"https:\/\/www.pivovary.info\/?page_id=61096\">Brno minipivovar Stern<\/a><br \/>\n<a href=\"https:\/\/www.pivovary.info\/?page_id=32994\">Brno minipivovar U Richarda<\/a><br \/>\n<a href=\"https:\/\/www.pivovary.info\/?page_id=55957\">Brno minipivovar U Tomana<\/a><br \/>\n<a href=\"https:\/\/www.pivovary.info\/?page_id=70698\">Brno pivovar Moravia<\/a><br \/>\n<a href=\"https:\/\/www.pivovary.info\/?page_id=46332\">Brno pivovar Starobrno<\/a><br \/>\n<a href=\"https:\/\/www.pivovary.info\/?page_id=31099\">Brno Prvn\u00ed Sob\u011b\u0161ick\u00fd minipivovar<\/a><br \/>\n<a href=\"https:\/\/www.pivovary.info\/?page_id=43150\">Brno \u0160koln\u00ed minipivovar \u00daTP<\/a><br \/>\n<a href=\"https:\/\/www.pivovary.info\/?page_id=63147\">Brno-Kr\u00e1lovo Pole Kl\u00e1\u0161tern\u00ed pivovar<\/a><br \/>\n<a href=\"https:\/\/www.pivovary.info\/?page_id=131550\">Brno-L\u00ed\u0161e\u0148 Pansk\u00fd pivovar<\/a><br \/>\n<a href=\"https:\/\/www.pivovary.info\/?page_id=58138\">Brno-\u0158e\u010dkovice pivovar<\/a><br \/>\n<a href=\"https:\/\/www.pivovary.info\/?page_id=51004\">Broumov M\u011b\u0161\u0165ansk\u00fd pivovar<\/a><br \/>\n<a href=\"https:\/\/www.pivovary.info\/?page_id=1119\">Broumov-Oliv\u011bt\u00edn pivovar<\/a><br \/>\n<a href=\"https:\/\/www.pivovary.info\/?page_id=20704\">Broumy minipivovar Matu\u0161ka<\/a><br \/>\n<a href=\"https:\/\/www.pivovary.info\/?page_id=68611\">Brtnice Z\u00e1meck\u00fd pivovar <\/a><br \/>\n<a href=\"https:\/\/www.pivovary.info\/?page_id=51066\">Brumov pivovar<\/a><br \/>\n<a href=\"https:\/\/www.pivovary.info\/?page_id=56195\">Brumovice pivovar<\/a><br \/>\n<a href=\"https:\/\/www.pivovary.info\/?page_id=58155\">Brunt\u00e1l Hamburgr\u016fv pivovar<\/a><br \/>\n<a href=\"https:\/\/www.pivovary.info\/?page_id=7893\">Brunt\u00e1l minipivovar Hasi\u010d<\/a><br \/>\n<a href=\"https:\/\/www.pivovary.info\/?page_id=58457\">Brunt\u00e1l pivovar \u0158\u00e1du n\u011bmeck\u00fdch ryt\u00ed\u0159\u016f nov\u00fd<\/a><br \/>\n<a href=\"https:\/\/www.pivovary.info\/?page_id=58435\">Brunt\u00e1l pivovar \u0158\u00e1du n\u011bmeck\u00fdch ryt\u00ed\u0159\u016f star\u00fd<\/a><br \/>\n<a href=\"https:\/\/www.pivovary.info\/?page_id=51985\">Bru\u0161perk pivovar<\/a><br \/>\n<a href=\"https:\/\/www.pivovary.info\/?page_id=81950\">Buchlovice pivovar<\/a><br \/>\n<a href=\"https:\/\/www.pivovary.info\/?page_id=52014\">Bu\u010dovice Pansk\u00fd pivovar<\/a><br \/>\n<a href=\"https:\/\/www.pivovary.info\/?page_id=66956\">Bud\u00ed\u0161kovice pivovar<\/a><br \/>\n<a href=\"https:\/\/www.pivovary.info\/?page_id=66698\">Budi\u0161ov nad Budi\u0161ovkou pivovar<\/a><br \/>\n<a href=\"https:\/\/www.pivovary.info\/?page_id=79130\">Budyn\u011b nad Oh\u0159\u00ed pivovar<\/a><br \/>\n<a href=\"https:\/\/www.pivovary.info\/?page_id=142909\">Bukov\u00e1 minipivovar Albert Michler<\/a><br \/>\n<a href=\"https:\/\/www.pivovary.info\/?page_id=99287\">Bu\u0161ovice pivovar<\/a><br \/>\n<a href=\"https:\/\/www.pivovary.info\/?page_id=52997\">Bu\u0161t\u011bhrad pivovar<\/a><br \/>\n<a href=\"https:\/\/www.pivovary.info\/?page_id=30725\">Bylnice minipivovar<\/a><br \/>\n<a href=\"https:\/\/www.pivovary.info\/?page_id=51260\">Bystr\u00e9 pivovar<\/a><br \/>\n<a href=\"https:\/\/www.pivovary.info\/?page_id=68604\">Byst\u0159ice nad Pern\u0161tejnem M\u011bstsk\u00fd pivovar <\/a><br \/>\n<a href=\"https:\/\/www.pivovary.info\/?page_id=32849\">Byst\u0159ice nad Pern\u0161tejnem minipivovar <\/a><br \/>\n<a href=\"https:\/\/www.pivovary.info\/?page_id=51192\">Byst\u0159ice pod Host\u00fdnem pivovar<\/a><br \/>\n<a href=\"https:\/\/www.pivovary.info\/?page_id=40219\">Bzenec minipivovar<\/a><br \/>\n<a href=\"https:\/\/www.pivovary.info\/?page_id=80867\">Bzenec pivovar<\/a><br \/>\n<a href=\"https:\/\/www.pivovary.info\/?page_id=81961\">Bz\u00ed pivovar<\/a><\/p>\n","protected":false},"excerpt":{"rendered":"<p>Bakov minipivovar Batelov Pansk\u00fd pivovar Bechyn\u011b minipivovar Keras Bechyn\u011b M\u011bstsk\u00fd pivovar Bechyn\u011b Z\u00e1meck\u00fd pivovar Be\u010dov nad Teplou Obecn\u00ed pivovar Be\u010dov nad Teplou Z\u00e1meck\u00fd pivovar Be\u010dv\u00e1ry Z\u00e1meck\u00fd pivovar B\u011bl\u00e1 nad Radbuzou pivovar B\u011bl\u00e1 u Jev\u00ed\u010dka&#46;&#46;&#46;<\/p>\n","protected":false},"author":1,"featured_media":42838,"parent":6458,"menu_order":0,"comment_status":"open","ping_status":"closed","template":"","meta":{"ngg_post_thumbnail":0,"footnotes":""},"class_list":["post-46262","page","type-page","status-publish","has-post-thumbnail","hentry"],"_links":{"self":[{"href":"https:\/\/www.pivovary.info\/index.php?rest_route=\/wp\/v2\/pages\/46262","targetHints":{"allow":["GET"]}}],"collection":[{"href":"https:\/\/www.pivovary.info\/index.php?rest_route=\/wp\/v2\/pages"}],"about":[{"href":"https:\/\/www.pivovary.info\/index.php?rest_route=\/wp\/v2\/types\/page"}],"author":[{"embeddable":true,"href":"https:\/\/www.pivovary.info\/index.php?rest_route=\/wp\/v2\/users\/1"}],"replies":[{"embeddable":true,"href":"https:\/\/www.pivovary.info\/index.php?rest_route=%2Fwp%2Fv2%2Fcomments&post=46262"}],"version-history":[{"count":0,"href":"https:\/\/www.pivovary.info\/index.php?rest_route=\/wp\/v2\/pages\/46262\/revisions"}],"up":[{"embeddable":true,"href":"https:\/\/www.pivovary.info\/index.php?rest_route=\/wp\/v2\/pages\/6458"}],"wp:featuredmedia":[{"embeddable":true,"href":"https:\/\/www.pivovary.info\/index.php?rest_route=\/wp\/v2\/media\/42838"}],"wp:attachment":[{"href":"https:\/\/www.pivovary.info\/index.php?rest_route=%2Fwp%2Fv2%2Fmedia&parent=46262"}],"curies":[{"name":"wp","href":"https:\/\/api.w.org\/{rel}","templated":true}]}}