{"id":76350,"date":"2019-11-13T09:12:36","date_gmt":"2019-11-13T08:12:36","guid":{"rendered":"http:\/\/www.zpravy.pivovary.xyz\/?page_id=76350"},"modified":"2026-01-27T10:08:02","modified_gmt":"2026-01-27T09:08:02","slug":"fotoalbum-pivovaru-2-4","status":"publish","type":"page","link":"https:\/\/www.pivovary.info\/?page_id=76350","title":{"rendered":"\u010c fotoalbum pivovar\u016f"},"content":{"rendered":"<p><a href=\"https:\/\/www.pivovary.info\/?page_id=79137\">\u010cachrov pivovar<\/a><br \/>\n<a href=\"https:\/\/www.pivovary.info\/?page_id=80564\">\u010c\u00e1slav M\u011b\u0161\u0165ansk\u00fd pivovar <\/a><br \/>\n<a href=\"https:\/\/www.pivovary.info\/?page_id=80554\">\u010c\u00e1slav M\u011b\u0161\u0165ansk\u00fd st. pivovar <\/a><br \/>\n<a href=\"https:\/\/www.pivovary.info\/?page_id=80545\">\u010c\u00e1slav M\u011b\u0161\u0165ansk\u00fd nejst. pivovar <\/a><br \/>\n<a href=\"https:\/\/www.pivovary.info\/?page_id=50468\">\u010castolovice Z\u00e1meck\u00fd pivovar<\/a><br \/>\n<a href=\"https:\/\/www.pivovary.info\/?page_id=12072\">\u010ce\u010delice minipivovar Novej sv\u011bt<\/a><br \/>\n<a href=\"https:\/\/www.pivovary.info\/?page_id=53767\">\u010ce\u010dovice pivovar<\/a><br \/>\n<a href=\"https:\/\/www.pivovary.info\/?page_id=20727\">\u010cecht\u00edn Pansk\u00fd pivovar<\/a><br \/>\n<a href=\"https:\/\/www.pivovary.info\/?page_id=89944\">\u010cejetice minipivovar<\/a><br \/>\n<a href=\"https:\/\/www.pivovary.info\/?page_id=49462\">\u010cejkovice pivovar<\/a><br \/>\n<a href=\"https:\/\/www.pivovary.info\/?page_id=49502\">\u010cel\u00e1kovice pivovar<\/a><br \/>\n<a href=\"https:\/\/www.pivovary.info\/?page_id=136028\">\u010celina pivovar<\/a><br \/>\n<a href=\"https:\/\/www.pivovary.info\/?page_id=59113\">\u010ceminy pivovar<\/a><br \/>\n<a href=\"https:\/\/www.pivovary.info\/?page_id=33991\">\u010cepice minipivovar<\/a><br \/>\n<a href=\"https:\/\/www.pivovary.info\/?page_id=121274\">\u010cern\u00e1 minipivovar Pe\u0161ek<\/a><br \/>\n<a href=\"https:\/\/www.pivovary.info\/?page_id=46355\">\u010cern\u00e1 Hora pivovar<\/a><br \/>\n<a href=\"https:\/\/www.pivovary.info\/?page_id=16087\">\u010cern\u00e1 v Po\u0161umav\u00ed pivovar<\/a><br \/>\n<a href=\"https:\/\/www.pivovary.info\/?page_id=123591\">\u010cernilov minipivovar Gryf<\/a><br \/>\n<a href=\"https:\/\/www.pivovary.info\/?page_id=66272\">\u010cernot\u00edn minipivovar Chors<\/a><br \/>\n<a href=\"https:\/\/www.pivovary.info\/?page_id=81504\">\u010cerven\u00e1 \u0158e\u010dice pivovar<\/a><br \/>\n<a href=\"https:\/\/www.pivovary.info\/?page_id=84788\">\u010cerven\u00e9 Janovice pivovar<\/a><br \/>\n<a href=\"https:\/\/www.pivovary.info\/?page_id=49596\">\u010cerven\u00e9 Pe\u010dky pivovar<\/a><br \/>\n<a href=\"https:\/\/www.pivovary.info\/?page_id=49613\">\u010cerven\u00e9 Po\u0159\u00ed\u010d\u00ed pivovar<\/a><br \/>\n<a href=\"https:\/\/www.pivovary.info\/?page_id=193125\">\u010cerven\u00fd Hr\u00e1dek (Be\u010dv\u00e1ry) pivovar<\/a><br \/>\n<a href=\"https:\/\/www.pivovary.info\/?page_id=61470\">\u010cesk\u00e1 B\u0159\u00edza pivovar<\/a><br \/>\n<a href=\"https:\/\/www.pivovary.info\/?page_id=34916\">\u010cesk\u00e1 Kamenice minipivovar<\/a><br \/>\n<a href=\"https:\/\/www.pivovary.info\/?page_id=73941\">\u010cesk\u00e1 Kamenice Kn\u00ed\u017eec\u00ed pivovar <\/a><br \/>\n<a href=\"https:\/\/www.pivovary.info\/?page_id=73950\">\u010cesk\u00e1 Kamenice M\u011b\u0161\u0165ansk\u00fd pivovar <\/a><br \/>\n<a href=\"https:\/\/www.pivovary.info\/?page_id=144474\">\u010cesk\u00e1 L\u00edpa minipivovar L\u00edp\u00e1k<\/a><br \/>\n<a href=\"https:\/\/www.pivovary.info\/?page_id=29731\">\u010cesk\u00e1 L\u00edpa pivovar<\/a><br \/>\n<a href=\"https:\/\/www.pivovary.info\/?page_id=49800\">\u010cesk\u00e1 Skalice pivovar<\/a><br \/>\n<a href=\"https:\/\/www.pivovary.info\/?page_id=9288\">\u010cesk\u00e1 T\u0159ebov\u00e1 minipivovar Faltus<\/a><br \/>\n<a href=\"https:\/\/www.pivovary.info\/?page_id=51559\">\u010cesk\u00e1 T\u0159ebov\u00e1 fotoalbum pivovaru<\/a><br \/>\n<a href=\"https:\/\/www.pivovary.info\/?page_id=57463\">\u010cesk\u00e9 Bud\u011bjovice M\u011b\u0161\u0165ansk\u00fd pivovar<\/a><br \/>\n<a href=\"https:\/\/www.pivovary.info\/?page_id=30446\">\u010cesk\u00e9 Bud\u011bjovice minipivovar Beeranek<\/a><br \/>\n<a href=\"https:\/\/www.pivovary.info\/?page_id=40095\">\u010cesk\u00e9 Bud\u011bjovice minipivovar Kn\u011b\u017e\u00ednek<\/a><br \/>\n<a href=\"https:\/\/www.pivovary.info\/?page_id=30424\">\u010cesk\u00e9 Bud\u011bjovice minipivovar Krajinsk\u00e1 27<\/a><br \/>\n<a href=\"https:\/\/www.pivovary.info\/?page_id=59953\">\u010cesk\u00e9 Bud\u011bjovice minipivovar Solnice<\/a><br \/>\n<a href=\"https:\/\/www.pivovary.info\/?page_id=17362\">\u010cesk\u00e9 Bud\u011bjovice minipivovar ZF JU<\/a><br \/>\n<a href=\"https:\/\/www.pivovary.info\/?page_id=48799\">\u010cesk\u00e9 Bud\u011bjovice pivovar Budvar <\/a><br \/>\n<a href=\"https:\/\/www.pivovary.info\/?page_id=68704\">\u010cesk\u00fd Brod minipivovar<\/a><br \/>\n<a href=\"https:\/\/www.pivovary.info\/?page_id=74071\">\u010cesk\u00fd Brod M\u011b\u0161\u0165ansk\u00fd pivovar <\/a><br \/>\n<a href=\"https:\/\/www.pivovary.info\/?page_id=81070\">\u010cesk\u00fd Dub pivovar<\/a><br \/>\n<a href=\"https:\/\/www.pivovary.info\/?page_id=13548\">\u010cesk\u00fd Krumlov Historick\u00fd minipivovar<\/a><br \/>\n<a href=\"https:\/\/www.pivovary.info\/?page_id=74077\">\u010cesk\u00fd Krumlov M\u011b\u0161\u0165ansk\u00fd pivovar<\/a><br \/>\n<a href=\"https:\/\/www.pivovary.info\/?page_id=74330\">\u010cesk\u00fd Krumlov Prel\u00e1tsk\u00fd pivovar <\/a><br \/>\n<a href=\"https:\/\/www.pivovary.info\/?page_id=125353\">\u010cesk\u00fd Krumlov Z\u00e1meck\u00fd pivovar Eggenberg<\/a><br \/>\n<a href=\"https:\/\/www.pivovary.info\/?page_id=74026\">\u010cesk\u00fd Rudolec pivovar<\/a><br \/>\n<a href=\"https:\/\/www.pivovary.info\/?page_id=14519\">\u010cesk\u00fd Rudolec Z\u00e1meck\u00fd minipivovar<\/a><br \/>\n<a href=\"https:\/\/www.pivovary.info\/?page_id=94802\">\u010cesk\u00fd T\u011b\u0161\u00edn minipivovar Baraba<\/a><br \/>\n<a href=\"https:\/\/www.pivovary.info\/?page_id=73994\">\u010cist\u00e1 u Horek pivovar<\/a><br \/>\n<a href=\"https:\/\/www.pivovary.info\/?page_id=81121\">\u010cist\u00e1 u Rakovn\u00edka pivovar<\/a><br \/>\n<a href=\"https:\/\/www.pivovary.info\/?page_id=36878\">\u010c\u00ed\u017eice minipivovar Bizon<\/a><br \/>\n<a href=\"https:\/\/www.pivovary.info\/?page_id=85110\">\u010c\u00ed\u017ekov pivovar<\/a><br \/>\n<a href=\"https:\/\/www.pivovary.info\/?page_id=81128\">\u010c\u00ed\u017ekovice pivovar<\/a><br \/>\n<a href=\"https:\/\/www.pivovary.info\/?page_id=65331\">\u010c\u00ed\u017eov\u00e1 minipivovar<\/a><br \/>\n<a href=\"https:\/\/www.pivovary.info\/?page_id=136020\">\u010c\u00ed\u017eov\u00e1 pivovar<\/a><\/p>\n","protected":false},"excerpt":{"rendered":"<p>\u010cachrov pivovar \u010c\u00e1slav M\u011b\u0161\u0165ansk\u00fd pivovar \u010c\u00e1slav M\u011b\u0161\u0165ansk\u00fd st. pivovar \u010c\u00e1slav M\u011b\u0161\u0165ansk\u00fd nejst. pivovar \u010castolovice Z\u00e1meck\u00fd pivovar \u010ce\u010delice minipivovar Novej sv\u011bt \u010ce\u010dovice pivovar \u010cecht\u00edn Pansk\u00fd pivovar \u010cejetice minipivovar \u010cejkovice pivovar \u010cel\u00e1kovice pivovar \u010celina pivovar \u010ceminy&#46;&#46;&#46;<\/p>\n","protected":false},"author":1,"featured_media":42838,"parent":6458,"menu_order":0,"comment_status":"open","ping_status":"closed","template":"","meta":{"ngg_post_thumbnail":0,"footnotes":""},"class_list":["post-76350","page","type-page","status-publish","has-post-thumbnail","hentry"],"_links":{"self":[{"href":"https:\/\/www.pivovary.info\/index.php?rest_route=\/wp\/v2\/pages\/76350","targetHints":{"allow":["GET"]}}],"collection":[{"href":"https:\/\/www.pivovary.info\/index.php?rest_route=\/wp\/v2\/pages"}],"about":[{"href":"https:\/\/www.pivovary.info\/index.php?rest_route=\/wp\/v2\/types\/page"}],"author":[{"embeddable":true,"href":"https:\/\/www.pivovary.info\/index.php?rest_route=\/wp\/v2\/users\/1"}],"replies":[{"embeddable":true,"href":"https:\/\/www.pivovary.info\/index.php?rest_route=%2Fwp%2Fv2%2Fcomments&post=76350"}],"version-history":[{"count":0,"href":"https:\/\/www.pivovary.info\/index.php?rest_route=\/wp\/v2\/pages\/76350\/revisions"}],"up":[{"embeddable":true,"href":"https:\/\/www.pivovary.info\/index.php?rest_route=\/wp\/v2\/pages\/6458"}],"wp:featuredmedia":[{"embeddable":true,"href":"https:\/\/www.pivovary.info\/index.php?rest_route=\/wp\/v2\/media\/42838"}],"wp:attachment":[{"href":"https:\/\/www.pivovary.info\/index.php?rest_route=%2Fwp%2Fv2%2Fmedia&parent=76350"}],"curies":[{"name":"wp","href":"https:\/\/api.w.org\/{rel}","templated":true}]}}